e 0 = -r - 2*a + 10 + 2, r + 3 = a. Let l(s) = -4 + 3 + 4*s - 3*s + s**r. Determine l(1).
1
Let f(n) = 13*n**3 + 4 - 7*n**3 - 7*n**3 + 4*n - 8 + 3*n**2. What is f(4)?
-4
Let k(z) = 4*z**2 - 4. Let t(w) = -1. Let f(l) = -k(l) + 4*t(l). Let i(m) = m + 3. Let q be i(-3). Let v = q - -1. Give f(v).
-4
Suppose 8 = 4*o - 8. Let f(s) = -2*s**2 + 7*s - 5. Give f(o).
-9
Suppose 0 = 18*b - 20*b. Let l(a) = 3 + 2 + 4*a + 2. Let j(c) = c. Let f(k) = -3*j(k) + l(k). What is f(b)?
7
Let y(k) = 8*k**2 + 0*k - 5*k + 4*k. Suppose -7*b + 9*b - 2 = 0. Determine y(b).
7
Let q(a) = 7*a + 1. Suppose 30 = -12*g + 2*g. Give q(g).
-20
Let d(z) = 3*z**2 + z. Let t(h) = -h + 1. Let y(w) = -d(w) - 3*t(w). What is y(2)?
-11
Let c(k) = -3 - 3 - 20*k + 22*k. What is c(9)?
12
Let h(j) = -4*j - 1. Let o be (2/(-5))/(1/20). Let q be (4/o)/(1/2). Determine h(q).
3
Suppose -2*w + 0*w = 0. Let h(n) = -3 + n**3 - 2 - 6*n**2 + 5*n**2. Calculate h(w).
-5
Suppose -5*r = -2*y - 10, 4*y = -r + 2*r - 20. Let w(h) = 66 + 60 - 131 - 3*h. Give w(y).
10
Let p(f) = 3*f**3 - 6*f**2 - f - 4. Let v(l) = 10*l**3 - 19*l**2 - 3*l - 13. Let x(b) = 7*p(b) - 2*v(b). Determine x(4).
-6
Suppose 3*t + 37 - 46 = 0. Let p(q) = 2*q**2 - 2*q - 4. What is p(t)?
8
Let w(n) = n**2 + 2*n + 3*n + n - 2 - 2*n. What is w(-5)?
3
Let b(w) = -2*w**3 + w**2 - w + 1. Let f be (0 - -2)/((-7)/((-49)/14)). Determine b(f).
-1
Let y(d) = 6*d**2 - 4*d - 9. Let b(q) = 7*q**2 - 4*q - 10. Let g(x) = x**3 - 9*x**2 + 6*x + 10. Let i be g(8). Let t(c) = i*y(c) + 5*b(c). Give t(5).
-1
Let h(n) = n**2 - 4*n - 9*n + 7*n + 0*n - 10. Determine h(7).
-3
Let h(v) = v**3 + 10*v**2 - v - 1. Suppose 3*a + 2*a = -50. Determine h(a).
9
Let a be (-7)/24 + (-3)/(-9). Let g(d) be the third derivative of 0 + 0*d - a*d**4 - 1/3*d**3 + d**2 + 1/30*d**5. Give g(2).
4
Let c(b) be the first derivative of -b**5/20 + b**4/3 + b**3/2 + b**2 + 3*b + 2. Let g(k) be the first derivative of c(k). Calculate g(5).
-8
Let p(s) = s**2 + 3*s - 4. Let w be (-38)/4*(-4 - -2). Let u = w - 23. Calculate p(u).
0
Suppose -3*v = -y - 18, v = -5*y - 2 - 24. Let k = y - -4. Let d(t) = -2*t**2 + 2*t + 3. What is d(k)?
-9
Let p be 0/(-1) + 0/(-2). Let s(x) be the third derivative of x**5/60 + x**4/24 - 2*x**3/3 - 3*x**2. Determine s(p).
-4
Let s(w) = -5*w + 8*w - 5*w - 2 - 2. Suppose -7 = 3*f + 8. What is s(f)?
6
Let m be 12 + (-4 - 6/(-3)). Suppose 0 = -2*o + m - 4. Suppose 5*r = o*r - 6. Let n(v) = v**2 + v - 4. Give n(r).
2
Let t be -2 - (-3)/(3/5). Suppose -z = -3*s - 2*s + 27, 0 = -t*s - z + 21. Let g(f) = f - 4. What is g(s)?
2
Let h(a) = -12*a**2 + 3*a - 5. Let x(c) be the third derivative of c**5/10 - c**4/12 + c**3/2 + 6*c**2. Let z(l) = 3*h(l) + 5*x(l). Calculate z(-1).
-5
Let n(d) be the third derivative of -d**5/60 - d**4/24 - 7*d**3/6 + d**2. Suppose -4*x + 5 = f + 21, -3*f + 4*x + 16 = 0. Calculate n(f).
-7
Let u(i) = -i**3 + i**2 + i - 1. Let b(v) = -6*v**3 + 11*v**2 + 5*v - 12. Let j(c) = b(c) - 5*u(c). Give j(6).
-7
Let u(l) = -l**2 - 3*l + 5. Suppose 0 = -8*v + 10*v + 10. Determine u(v).
-5
Let z be 21/(-12) + (-4)/16. Let g(c) = -c**3 + 3*c + 1. Give g(z).
3
Let t(n) be the second derivative of n**8/3360 - n**7/840 + n**6/720 + n**4/4 + 2*n. Let u(k) be the third derivative of t(k). What is u(2)?
6
Let b(n) = -n + 2. Let a(c) be the second derivative of 0 - 1/20*c**5 - 2*c - 5/2*c**2 + 1/3*c**4 + c**3. Let g be a(5). What is b(g)?
2
Suppose f = 3*c - 3 + 2, -2*c = -2. Let d(g) = -3*g + 3*g - 2 + g**f. What is d(-2)?
2
Suppose -2 - 1 = -g + j, 0 = -j - 3. Let n(y) = y**3 - y**2 + 4. What is n(g)?
4
Let h(g) = -g**2 - 10*g - 5. Suppose 0 = a + 3*k - 2, -2*k + 0 = a + 1. Determine h(a).
16
Let y(o) be the third derivative of 5*o**4/24 - 2*o**2. Give y(-1).
-5
Let i(s) = 5*s + 1. Let y(c) = 5*c + 1. Let q(p) = -4*i(p) + 5*y(p). Give q(-3).
-14
Let g(h) = -h**3 + 13*h**2 - 23*h + 13. Let d be g(11). Let z(j) be the second derivative of 9/2*j**2 + 0 - d*j + 1/6*j**3. Give z(-5).
4
Let s(t) = -t**3 - 1. Let j(n) = n**3 - 7*n**2 + 2*n + 11. Let g(c) = j(c) + 2*s(c). Determine g(-7).
-5
Let s be 1/1*7/(21/15). Let d(n) = n**3 - 5*n**2 - 2*n. What is d(s)?
-10
Let l(y) = -4*y - 2. Suppose 4*u + 3 = -p, 4*u + 2*p - 4 = -2. Determine l(u).
6
Let l(u) = -2*u**2 + 4*u + 3. Let m be l(-3). Let v be 6/m - 16/9. Let j(z) = -z**2 + 3*z + 1. Calculate j(v).
-9
Let j(y) = y**3 - 4*y**2 - 5*y + 5. Suppose x + 3 = 2*x. Suppose 2*h = -x*h + 20. Let f = h + 1. Give j(f).
5
Let x(y) = -3 - 1 - 16*y + 18*y. Let m(v) = 2*v**3 + 3*v**2 + 2*v + 2. Let p be m(-2). Let k = p + 9. Calculate x(k).
2
Let s(y) = y**3 + 5*y**2 - 6*y - 4. Let f be s(-6). Let w = f + 3. Let m(b) = 15*b**2 + b + 1. Give m(w).
15
Let z(m) be the first derivative of m**2/2 + 14*m + 31. Let w = 2 - 8. Give z(w).
8
Let c = 8 + -4. Let d(s) = 0*s**2 - 3*s**3 - s**2 + c*s**3 + s + 1. Suppose -14 = -2*i + 4*b, -2*i + 3*b + 15 - 5 = 0. What is d(i)?
-2
Suppose 1 = -a + 5. Let s(b) = 4*b - b + b**2 - a*b - 4 - b. Calculate s(5).
11
Let q(a) be the third derivative of a**6/120 - a**5/20 + a**4/24 - a**3/2 + 28*a**2. Give q(3).
0
Let p(k) = -10*k + 4*k + 2 - 3. Let t = 5 + -2. Let u = 4 - t. Give p(u).
-7
Let q(a) = -a**2 + a + 3. Let u be -1*(-3 + -4 - -2). Suppose -u*d - 5*s - 5 = -0*d, -3*d + 3*s + 3 = 0. Determine q(d).
3
Let p(k) = k + 1. Let g be ((-18)/8)/(4/16). Let h = g - -9. Give p(h).
1
Let n(p) = -p**3 - p**2 + 2*p + 3. Let u be n(-2). Let s(f) = -f**u - 2*f**2 - 4*f**2 + 8*f**2 + 3*f - 1. Calculate s(3).
-1
Let q(w) = -2*w + 4. Suppose -1 = 4*o - 3*d + 6, 21 = -2*o + 5*d. Let u be ((-3)/o)/(6/16). Determine q(u).
12
Let p = -6 + 8. Let k(r) = -2*r**p + 0*r**2 + 1 - r**2. Suppose -5*m - 2 = -3*m. Give k(m).
-2
Let y(d) be the third derivative of 1/60*d**6 - 1/20*d**5 + 1/3*d**3 + 0*d**4 + 0*d - 5*d**2 + 0. Let h = 2 + 0. What is y(h)?
6
Let k be 1/(8/6 - 1). Let m = -8 + -5. Let w(u) = -15*u**3 - 7*u**2 + 7*u - 9. Let i(s) = -7*s**3 - 3*s**2 + 3*s - 4. Let z(a) = m*i(a) + 6*w(a). Give z(k).
7
Let l(w) be the third derivative of w**5/60 + w**4/12 - 2*w**3/3 - 9*w**2. Let h be l(-3). Let f(g) = -5*g - 1. Determine f(h).
4
Let h = 70 + -71. Let m(g) = -7*g**3 + 1. Calculate m(h).
8
Let u(a) be the second derivative of -a**6/720 - a**5/40 - a**4/6 - a. Let k(y) be the third derivative of u(y). Give k(4).
-7
Let v be 2 + (-1 - 2) - -13. Suppose -3*w = -4*r - 0*w + 28, -2*r = 5*w + v. Let o(c) = -c**3 + 5*c**2 - 2*c. Calculate o(r).
8
Let a(z) = -3*z + 2*z - 3*z. Let o(p) = -5*p**2 - p - 7. Let n(g) = 11*g**2 + 2*g + 15. Let k(s) = -6*n(s) - 13*o(s). Let c be k(0). Calculate a(c).
-4
Let l(d) be the third derivative of -1/2*d**3 - 1/6*d**4 + 4*d**2 + 0 + 0*d. Determine l(-3).
9
Let o(s) = -5*s**2 - 3*s + 2. Let n(y) = -y - 7. Let k be n(-9). Let t(g) = -4*g**k - 1 - 4*g + 4 - 2*g**2. Let d(p) = 3*o(p) - 2*t(p). Determine d(1).
-4
Let v(f) = f**3 - 6*f**2 + 7*f - 1. Let n = -12 + 11. Let s(m) = -5*m**3 - m**2 - m. Let x be s(n). What is v(x)?
9
Let v = -9 - -11. Let i be (-12)/16 - 2/8. Let h = i + v. Let q(n) = -2*n + 1. What is q(h)?
-1
Let t(k) = 2*k. Let y(w) = w**2 - 7*w + 5. Let x be y(4). Let v be (x/(-21))/(2/24). Suppose v*g + 22 - 6 = 0. What is t(g)?
-8
Let y(u) be the first derivative of 0*u + 2 - 1/4*u**4 + 1/2*u**2 - 2/3*u**3. Let z be (-1)/(6/4)*3. Give y(z).
-2
Let d(w) be the first derivative of -w**3 + 2*w**2 + 1/2*w**4 + 1 - 3*w. Determine d(2).
9
Let q(z) = -7*z**2 + 16*z + 5. Let o(n) = -3*n**2 + 8*n + 3. Let r(j) = 9*o(j) - 4*q(j). Let x = 39 + -28. Let g = x - 16. Calculate r(g).
-8
Let d(h) be the first derivative of -h**4/4 + h**2 + h - 3. Let y(r) be the first derivative of d(r). Determine y(2).
-10
Let u(z) = z**3 - 5*z**2 + 3*z - 4. Let y(i) = i - 1. Let f be y(1). Suppose 3*k + f*k = 0. Let h be 1 + k + 1 + 2. What is u(h)?
-8
Let c = 26 - 16. Suppose -2*f + 35 = 3*d, f + 2*d = -2*d + 5. Suppose -3*r + 2*g = -c, 5*g + f = -0*g. Let l(s) = s**3 - s**2 - 3. Give l(r).
-3
Let q(y) = y. Let x be q(2). Let r = 2 + x. Let o(n) be the third derivative of n**6/120 - n**5/12 + n**4/6 - n**3 - 4*n**2. Determine o(r).
-6
Let h(j) = -2*j - 2. Suppose -4*y + 21 = -0*t + t, 2*t = -5*y + 30. Determine h(t).
-12
Let j(q) = -q**3 + 2*q**2 - 5*q + 1. Let h be j(2). Let s(k) = k**3 + 8*k**2 - 10*k - 